/8)/(22/(-63624)) a multiple of 177?
True
Suppose 25*s + 20240 = 48*s. Is 22 a factor of s?
True
Let i(b) = 12354*b**2 + 111*b - 110. Does 195 divide i(1)?
False
Let f(m) = 19 - 71*m + 12*m + 13*m + 28*m. Is 18 a factor of f(-8)?
False
Let m be 58 + -1*(-9 - -5). Suppose -2*p - 24 = -3*s, 0 = 5*p - 5*s + 2 + 48. Let a = p + m. Is a a multiple of 28?
True
Suppose 20700 + 6692 = 8*v. Does 178 divide v?
False
Let a = -3449 - -578. Does 6 divide a/(-24) - (-9)/24?
True
Let p(x) = -220*x + 10. Let s be p(2). Let a(v) = -v**3 - 6*v**2 + 2*v + 5. Let r be a(-6). Is r/21*(s + (1 - 0)) a multiple of 28?
False
Suppose 66*p = 70*p - 2*s - 58484, 4*p = 4*s + 58496. Is p a multiple of 6?
False
Let p = 550 - 424. Suppose -w + p = -g, -23*g + 6 = -26*g. Does 13 divide w?
False
Suppose -7*y - 5*s + 2491 = -3*y, -y + 619 = 5*s. Suppose 4*g = f - 134, -5*f - 15*g = -12*g - y. Is 15 a factor of f?
False
Let u(r) be the second derivative of 0*r**3 + 1/12*r**4 + 0 + 6*r**2 + 34*r. Is u(-9) a multiple of 31?
True
Let o be 144 - ((-8)/(-10))/((-8)/20). Suppose 322 = 6*i - o. Is i a multiple of 78?
True
Let f(o) be the second derivative of -o**3/2 - 5*o**2/2 + 75*o + 2. Suppose 9 + 0 = -r. Does 12 divide f(r)?
False
Let p be (-42)/(-4) - (-9)/18. Suppose 2*o + 486 = p*o. Let b = o + -34. Does 10 divide b?
True
Does 79 divide (81923/85)/(-1 + (-336)/(-330))?
True
Does 36 divide -1512*(-15)/((-225)/(-15))?
True
Suppose -17*m + 3346 + 4814 = 0. Suppose 3*t = 8*t - m. Is t a multiple of 7?
False
Suppose 0*m + 343 = 5*m - 2*s, 3*m - 181 = -5*s. Let r = m - -40. Let u = -75 + r. Does 8 divide u?
True
Suppose -3*y + 12*g = -82893, 116*g = -4*y + 119*g + 110446. Is y a multiple of 26?
False
Suppose -115*m + 204*m = 325295. Does 14 divide m?
False
Suppose 5*y - 115 = -25. Suppose 0 = -19*d + y*d + 24. Suppose -22*b = -d*b + 146. Is 33 a factor of b?
False
Let n be (-6)/4*384/(-18). Suppose -7*g - g = -n. Suppose -r = g*r - 225. Is r a multiple of 9?
True
Let l be -1 - (-38 + 18/6). Is 17 a factor of l/(-6)*-15*(-2)/(-10)?
True
Suppose 0 = d - r - 1313, -d + 159 = -2*r - 1156. Let z = d + -621. Is z a multiple of 46?
True
Let c(d) = 9*d - 1. Let q be c(3). Suppose -3*r - 73 = q. Let f = r - -131. Is f a multiple of 9?
False
Suppose 5*r + l - 6 = 11, -2*l = 2*r - 2. Let f(t) = 7*t**2 - 7*t - 8. Let y be f(r). Suppose 6*z - y = -2*n + z, 2*n - 72 = -4*z. Does 7 divide n?
True
Is 25409 - (-22 - (-36 - -17)) a multiple of 8?
False
Suppose -14 = j - 4*s - 0, 26 = -4*j + s. Is 12 a factor of (20/j)/(-10 - (-2148)/216)?
True
Suppose 4*b + 16 = 0, -3*w = 4*b - 837 - 881. Let l = -493 + w. Is l a multiple of 18?
False
Let z(x) = 91*x**2 + 8*x - 29. Is 10 a factor of z(-9)?
True
Let u(x) = 264*x**2 + 28*x + 15. Is u(-3) a multiple of 124?
False
Suppose -3*x + 12371 = 5*t, -4*x = -5*t - 8439 - 8044. Is 29 a factor of x?
False
Let l(v) = -508*v - 112. Does 6 divide l(-2)?
False
Is 58 a factor of ((-30)/12 - -2)*10092/(-3)?
True
Let t(u) = u**3 - 19*u**2 - 110*u + 17. Is 9 a factor of t(25)?
True
Suppose -3*r + 555 = -0*r. Let k be (199/3)/(-15 - 828/(-54)). Suppose r + k = 4*v. Is 24 a factor of v?
True
Let b(m) = 36 + 121061*m**2 + 37*m - 6*m - 121062*m**2. Is 18 a factor of b(13)?
True
Let g(o) = -2*o**3 + 79*o**2 + 67*o + 530. Is 7 a factor of g(40)?
True
Let z(p) = 5473*p**3 + 4*p**2 - 42*p + 38. Is z(1) a multiple of 10?
False
Let u(f) = -f**2 - 1. Let z(p) = -2*p**2 - 7*p + 54. Let b(o) = u(o) - z(o). Is 8 a factor of b(-14)?
False
Let l(z) = 643*z + 3938. Is 70 a factor of l(31)?
False
Let n(m) = m**2 - m + 7. Let i(w) = -4*w**2 + 2*w - 21. Let r(c) = 2*i(c) + 7*n(c). Let t be r(2). Is 20 a factor of t/18 + 417*4/72?
False
Suppose 0 = -4*m + 13 - 5. Let k(y) = -4*y**m + 3*y**2 + 3*y**2 - 9*y - 18. Is 30 a factor of k(-6)?
False
Let a(g) = -1723*g - 7757. Is 166 a factor of a(-23)?
True
Suppose -17836643 - 3869051 = -322*v - 4217874. Does 35 divide v?
False
Suppose -5*r = -3*b + 29573, -43957 = -5*b - 2*r + 5259. Is 36 a factor of b?
False
Suppose -34*w + 16639 = -5*w - 130188. Is w a multiple of 83?
True
Let b(z) = -9*z**2 + 2*z + 4. Let r = -99 - -96. Let f(n) = -8*n**2 + 3*n + 3. Let g(j) = r*b(j) + 2*f(j). Is 31 a factor of g(-3)?
True
Suppose 731 - 8111 = -15*o. Let p = o - -696. Is 12 a factor of p?
True
Let k(s) = 7*s**3 - 3*s**2 + 4*s - 3. Let c(v) = 13*v**3 - 7*v**2 + 8*v - 7. Let b(q) = -6*c(q) + 11*k(q). Let z = -3731 + 3738. Does 15 divide b(z)?
False
Suppose -25 = -6*r + r + 5*z, 0 = 2*r + 4*z - 28. Suppose -r*w = 38*w - 49082. Does 34 divide w?
False
Let f(l) = 404*l - 2407. Does 17 divide f(57)?
True
Suppose 9174 = -5*i + 16*i. Let c = i - 514. Does 13 divide c?
False
Let d(r) = r**2 - 23*r + 112. Let g be d(7). Suppose g = -30*n + 50*n - 1420. Is 5 a factor of n?
False
Suppose 117*i = 121*i - 24, 5*s = -2*i + 138347. Is 73 a factor of s?
True
Let r = 124 - -154. Suppose -r = -k - 2*g, 5*g - 94 = 3*k - 884. Is k a multiple of 10?
True
Suppose -43782 = -24*s + 78834. Is s a multiple of 39?
True
Let k = -575 - -273. Let r = k - -365. Is 9 a factor of r?
True
Suppose 0 = -d - 0*d + 273. Let w be 150/30 - (-160)/2. Let k = d - w. Is 36 a factor of k?
False
Suppose 0 = -3*o - 2*x + 10659, -3*o + 14*x + 10650 = 13*x. Is o a multiple of 9?
False
Suppose 0 = -5*f - j - 977, -5*f - 2*j - 983 = -3*j. Let x = 352 + f. Is 12 a factor of x?
True
Let v = -163 - -91. Let n = 312 + v. Does 16 divide n?
True
Suppose -5*j = -4*u - 50356, 3*u - 40229 = -38*j + 34*j. Does 21 divide j?
False
Let x(o) = 17*o**2 - 5*o + 12. Suppose -5*d = -6*k + 8*k + 16, -4 = 2*k + 2*d. Is 26 a factor of x(k)?
False
Let i = 153 + -133. Is 13 a factor of (i/16 - 1) + (-2195)/(-20)?
False
Let g(n) = -970*n**2 - 9*n - 1. Let d(m) = -m**2 + 2*m. Let q(s) = -4*d(s) - g(s). Is q(1) a multiple of 16?
True
Let n(j) = 8*j**2 + 12*j - 49. Let s be n(10). Suppose 0 = 3*g + f - 809, 2*f = 4*g - s - 211. Is g a multiple of 15?
True
Suppose -3*d = 51*t - 46*t - 39211, 3 = -d. Is t a multiple of 30?
False
Let v(d) = 2*d**2 - 4*d + 3744. Is 52 a factor of v(0)?
True
Suppose -f = -0*f - 4*f. Let u be ((-12)/10 - 13/(-65))*f. Suppose u*i + 130 = 2*i. Is 12 a factor of i?
False
Let l = 12809 - -7953. Is 7 a factor of l?
True
Let x = -2 + 4. Let c(g) = 7*g**2 - 8*g + 17. Let j be c(3). Suppose -4*r + 4*w = -j, 11 = 3*r - x*w - 28. Is r even?
False
Let t(y) = y**3 + 45*y**2 + 68*y - 609. Is 33 a factor of t(-43)?
True
Let s be (-22)/(-12) - 3/(-18). Suppose -2*w - 217 = -6*w - 3*d, 0 = -4*w + s*d + 202. Is w a multiple of 52?
True
Let t(w) = -w - 5. Let n be t(-5). Suppose n*h = h - 180. Is h a multiple of 6?
True
Suppose -4*r = 2*v - 63148, 157915 = 5*v + 122*r - 121*r. Is 108 a factor of v?
False
Suppose -2*q - 1 = -13. Let r(x) = x**2 - 7*x + 1. Let w be r(q). Let d(f) = -32*f + 35. Is 14 a factor of d(w)?
False
Let h(j) = 1560*j**2 + 100*j + 388. Does 77 divide h(-4)?
True
Let k(x) = -x**3 + 6*x**2 - 2*x. Let b be 4/(-24) - ((-58)/12)/(-1). Let i be (-144)/(-40) + (-2)/b. Does 12 divide k(i)?
True
Suppose -4*g - 3272 = -4*u, 7 = 4*g + 3. Suppose 18*k = -1 + 181. Suppose k*w - 17*w = -u. Does 19 divide w?
False
Let v be (11/(-11))/((-950)/315 - -3). Suppose 3*r - 234 = -0*r. Let m = r - v. Does 3 divide m?
True
Let t(c) = -2*c - 3*c + 10*c + 9 - 4*c. Let l be t(-9). Suppose -2*r + 3*q + 33 = l, 3*r - q = q + 52. Does 18 divide r?
True
Let s(i) = i**2 + i - 10. Let v = -29 + 36. Suppose -3*d = -3, o + 0*d + 3*d + v = 0. Does 10 divide s(o)?
True
Let m(b) = 3*b**2 + 19*b**2 + 14*b + 1 - 14*b**2 + 5. Is 12 a factor of m(-3)?
True
Suppose -30*r - 2355 = -33*r. Let w = r - 281. Suppose -4*b + 180 = -4*t - w, 3*b + 5*t - 513 = 0. Is 19 a factor of b?
True
Let w(k) = -16*k**3 - 3*k**2 - k + 2. Let t be w(-1). Suppose 5*r - 2*b = 7 + t, -4*b = 3*r + 7. Suppose -r*i = -0*i - 66. Is i a multiple of 11?
True
Let f be (-2)/(-14)*2 - 900/(-84). Suppose -5 + f = t. Is (t/(-45)*-3)/((-7)/(-1470)) a multiple of 28?
True
Suppose 14 = -1873*l + 1880*l. Suppose -28 = -4*m + a, -3*m = l*m - 3*a - 42. Does 5 divide m?
False
Suppose -154 = 4*v + 2*g, v + 46 - 10 = -g. Let w = 158 + v. Does 13 divide w?
True
Suppose -5*k + 11*k = -11*k. Suppose 0 = -2*z - 5*l + 195, 22*z - 26*z + 2*l + 402 = k. Is 6 a factor of z?
False
Let f be (0 - 6) + 6/